d 549211.
509
What is the highest common factor of 50 and 1209080?
10
Calculate the highest common factor of 138023 and 5012600.
353
Calculate the highest common divisor of 13780 and 64077.
689
Calculate the greatest common factor of 5045 and 53639449.
1009
What is the greatest common factor of 13364 and 200717?
257
What is the highest common divisor of 29392353 and 18?
9
Calculate the greatest common factor of 467666 and 3021.
19
Calculate the highest common divisor of 142688000 and 875.
875
What is the greatest common divisor of 2546752 and 30368?
416
What is the greatest common divisor of 3683439 and 741?
3
What is the greatest common divisor of 158520 and 870?
30
What is the greatest common divisor of 6493422 and 148031?
767
What is the greatest common factor of 54315470 and 550?
110
Calculate the highest common divisor of 16332 and 82908.
12
Calculate the greatest common divisor of 145776336 and 24.
24
Calculate the greatest common divisor of 43274 and 17314.
22
Calculate the highest common factor of 309136598 and 2332.
106
Calculate the highest common factor of 53083 and 521090.
487
What is the highest common divisor of 1260 and 4125940?
140
Calculate the highest common divisor of 92 and 668081.
23
What is the greatest common divisor of 4585988 and 1139?
17
What is the highest common factor of 1514 and 251842?
2
Calculate the greatest common factor of 5215658 and 19208.
686
What is the greatest common factor of 685 and 74567?
1
What is the greatest common factor of 6798 and 142552927?
1133
Calculate the highest common factor of 2090 and 563228780.
190
What is the highest common divisor of 31 and 258713569?
31
Calculate the highest common factor of 6811836 and 24.
12
What is the greatest common factor of 97482531 and 111?
111
What is the greatest common factor of 122 and 1737332948?
122
What is the greatest common factor of 77 and 3694103?
7
Calculate the greatest common divisor of 1670765 and 8987.
817
What is the highest common divisor of 48 and 13700508?
12
Calculate the highest common factor of 13766225 and 550.
275
What is the highest common factor of 54936 and 4523568?
168
What is the highest common divisor of 777 and 112912345?
259
Calculate the greatest common divisor of 57635877 and 39.
39
Calculate the highest common divisor of 3972 and 151.
1
What is the highest common divisor of 60 and 116949048?
12
What is the highest common factor of 15748176 and 6320?
1264
Calculate the greatest common divisor of 72477663 and 11043.
1227
What is the greatest common factor of 128 and 429491008?
64
What is the greatest common factor of 17004 and 169156?
52
Calculate the highest common divisor of 1947387 and 5336.
23
What is the highest common divisor of 17353 and 39368?
259
What is the highest common factor of 5955 and 315780?
15
Calculate the highest common factor of 3220 and 969403540.
3220
What is the highest common divisor of 200 and 6438950?
50
Calculate the greatest common divisor of 101529 and 222897.
1167
Calculate the greatest common divisor of 15900 and 264700.
100
Calculate the greatest common factor of 44308630 and 34.
34
What is the greatest common divisor of 6103344 and 624?
624
What is the greatest common factor of 15369 and 2038518?
327
What is the greatest common divisor of 4569015 and 165?
165
What is the greatest common divisor of 78951420 and 39060?
5580
Calculate the greatest common factor of 536234 and 1299806.
394
What is the highest common factor of 312 and 1359978?
6
Calculate the highest common factor of 20 and 7725815.
5
What is the greatest common factor of 1134 and 19607022?
162
What is the greatest common divisor of 54322 and 310703?
157
Calculate the greatest common divisor of 273626480 and 305.
305
Calculate the greatest common divisor of 443 and 327633940.
443
What is the greatest common divisor of 4361286 and 398469?
951
What is the greatest common factor of 2371373 and 207021?
457
Calculate the highest common divisor of 107803 and 37855.
67
What is the greatest common divisor of 698944866 and 6?
6
Calculate the greatest common factor of 442 and 116422358.
442
Calculate the highest common factor of 15373072 and 208.
208
Calculate the highest common divisor of 222093751 and 6567.
2189
What is the highest common divisor of 758 and 244436429?
379
Calculate the highest common factor of 5023564 and 91.
91
What is the highest common factor of 34483471 and 275209?
2167
What is the highest common divisor of 36 and 980105481?
9
What is the greatest common divisor of 69123675 and 16675?
725
Calculate the greatest common factor of 38619 and 50749657.
4291
Calculate the greatest common factor of 1358 and 61643470.
14
What is the highest common factor of 19778108 and 26187?
301
Calculate the greatest common divisor of 16170 and 429440.
110
What is the highest common divisor of 720 and 4625840?
80
What is the highest common divisor of 3056916 and 2421?
807
Calculate the greatest common divisor of 9196164 and 252.
36
Calculate the greatest common divisor of 612804 and 2266572.
2676
What is the greatest common divisor of 13120 and 13070144?
2624
Calculate the highest common divisor of 26110 and 2506.
14
What is the greatest common factor of 11450 and 1538422?
458
Calculate the highest common factor of 162925 and 18225.
25
Calculate the highest common divisor of 760339 and 639.
71
Calculate the greatest common divisor of 503160064 and 26004.
8668
Calculate the highest common factor of 2614410 and 5934.
138
Calculate the highest common divisor of 310 and 2326950.
10
Calculate the highest common divisor of 40 and 155777320.
40
What is the highest common divisor of 9163651 and 84?
7
Calculate the highest common factor of 13188 and 509628.
84
Calculate the greatest common divisor of 18703006 and 392.
98
Calculate the greatest common divisor of 140904 and 4731.
57
What is the greatest common divisor of 96915819 and 3068?
767
Calculate the greatest common divisor of 6760 and 793480.
40
Calculate the greatest common factor of 7167 and 6801.
3
What is the greatest common divisor of 264898 and 18?
2
What is the greatest common divisor of 183813 and 3829?
7
Calculate the highest common factor of 236782942 and 36169.
5167
What is the highest common divisor of 5298320 and 340?
20
What is the greatest common divisor of 1352 and 77323077?
169
Calculate the greatest common factor of 12823344 and 3.
3
Calculate the highest common factor of 1079167516 and 56.
28
Calculate the highest common divisor of 63784 and 977228.
476
Calculate the highest common factor of 93811968 and 1216.
1216
What is the highest common divisor of 1683 and 1914336?
153
What is the highest common factor of 15 and 5155602?
3
Calculate the greatest common divisor of 1136793918 and 654.
654
What is the greatest common divisor of 97411 and 10590927?
3359
What is the highest common factor of 4056 and 246008256?
312
What is the greatest common divisor of 385 and 3218105?
55
What is the greatest common divisor of 15868 and 21211549?
3967
What is the highest common divisor of 721 and 119310359?
721
Calculate the greatest common divisor of 10565364 and 1428.
204
Calculate the highest common divisor of 621960 and 2580.
60
Calculate the highest common factor of 11256 and 2364698.
938
Calculate the greatest common factor of 191868 and 23364.
708
Calculate the highest common factor of 88124754 and 930.
186
What is the greatest common factor of 177776 and 8036?
164
Calculate the highest common divisor of 900 and 1012788.
36
What is the highest common divisor of 246090 and 430170?
390
What is the highest common divisor of 19170 and 2437146?
1278
Calculate the highest common divisor of 28096 and 2112.
64
What is the highest common divisor of 42177 and 4573?
17
What is the greatest common factor of 65213697 and 915?
183
Calculate the greatest common factor of 318 and 11033434.
106
What is the highest common factor of 130880 and 4322312?
3272
Calculate the greatest common divisor of 2560 and 1056512.
256
What is the greatest common divisor of 1980 and 203990490?
990
Calculate the greatest common divisor of 26 and 2284696518.
26
Calculate the highest common divisor of 4269441 and 264.
33
What is the highest common factor of 5605555 and 232?
29
What is the highest common factor of 39